 -j - m = 16, 3*j = -4*m - 0*m - h. What are the prime factors of j/(-2 + (-3)/(-3))?
11
Suppose -2*d - 41 = 3*j - 109, -2*j = -5*d + 189. List the prime factors of d.
37
Let p be 1*(3 + 0 - 20). Let h = p - -34. List the prime factors of h.
17
Suppose 0*o - 5*o = -20, 160 = 4*y - 2*o. What are the prime factors of y?
2, 3, 7
Suppose 5*u - 819 = -2*u. What are the prime factors of u?
3, 13
Suppose -8*m + 3*m = 0. Suppose 0 = -5*h - m*t + 3*t + 45, t + 35 = 5*h. List the prime factors of h.
2, 3
Let x be ((-8)/(-5))/((-14)/(-35)). Suppose -2*h = -x*h + 6. What are the prime factors of h?
3
Let b(i) = -i**3 - 5*i**2 - 6*i - 3. Let u be b(-4). Let w(n) = -n**3 + 6*n**2 - 8*n + 4. Let g be w(u). Let k = g + 16. List the prime factors of k.
5
Let n = 1 + -1. Suppose n = 5*z - 3 - 57. Suppose s + 3*s - z = 0. What are the prime factors of s?
3
Suppose -2*a - 51 = 3*g, 0 = -g + 4*g - 5*a + 51. Let h = g + 38. What are the prime factors of h?
3, 7
Let o = 20 + -30. Let f = -5 - o. List the prime factors of f.
5
Suppose 0 = -13*a + 10*a + 522. What are the prime factors of a/5 + 2/10?
5, 7
Let h(z) = z**2 - 4. Let q be h(2). Suppose 0 = a - r - 33, a + 4*r + r - 39 = q. What are the prime factors of a?
2, 17
Suppose -3 + 27 = 2*l. List the prime factors of l.
2, 3
Let v(h) = 7*h. Let y(d) = -133*d. Let a(s) = -77*v(s) - 4*y(s). What are the prime factors of a(-1)?
7
Let f = -41 + 24. Let w = -9 - f. List the prime factors of w.
2
Let j = -305 - -516. What are the prime factors of j?
211
Let a(y) = 28*y**2 - 3*y + 2. List the prime factors of a(2).
2, 3
Suppose 9 = 7*x - 215. What are the prime factors of x?
2
Let y(j) = 2*j**2 + 3. Let x be y(-3). What are the prime factors of x/2*4/3?
2, 7
Let c(j) = 3*j**3 + 4*j**2 - 8*j - 4. Let k(n) = 8*n**3 + 13*n**2 - 23*n - 12. Let u(i) = -11*c(i) + 4*k(i). List the prime factors of u(7).
17
What are the prime factors of (-1 - 197/(-5)) + (-2)/5?
2, 19
Let j = 73 + 9. List the prime factors of j.
2, 41
Let w = -1 + 5. Suppose 4*v + 3*n - 10 = 23, -w*n = -v + 32. Suppose r = 4*s - 24, s + v = 3*s + r. What are the prime factors of s?
2, 3
Suppose 2*l - 2 = 2*g + g, 5*g = -4*l + 4. Suppose -3*d - 7 + 49 = g. Suppose t + d = 2*t. What are the prime factors of t?
2, 7
Let n(u) = 14*u**2 + u. Suppose -1 = -5*r - 2*a - 8, -4 = 4*a. What are the prime factors of n(r)?
13
Let z = 79 + -41. List the prime factors of z.
2, 19
Suppose -3*d - w = -163, 5*d + 3*w = 4*d + 49. List the prime factors of d.
5, 11
Suppose -18 - 30 = -2*d. What are the prime factors of 1/4 + 66/d?
3
Suppose -3 - 9 = y + 4*f, -5*y - 3 = f. Suppose 0 = c - n - 26, 0 = -y*c + 2*c - 5*n - 37. What are the prime factors of c?
31
Let f = 1 + 64. What are the prime factors of f?
5, 13
Suppose 157*q - 300 = 156*q. List the prime factors of q.
2, 3, 5
Let m = -50 + 325. List the prime factors of m.
5, 11
Let v(m) be the first derivative of m**3/3 + 7*m**2/2 + 9*m - 1. Suppose -62 = 7*y - 6. List the prime factors of v(y).
17
List the prime factors of 638/14 + (-68)/119.
3, 5
Suppose n + 4*n = 0. Suppose -4*w + 176 = -2*c, n = -2*w - 4*c - 0*c + 68. What are the prime factors of w?
2, 3, 7
Suppose 3*q + 57 + 63 = 0. Let m = q - -65. List the prime factors of m.
5
Let p = -14 + 31. List the prime factors of p.
17
Suppose -2*w - 68 = 3*w + x, 4*w = -5*x - 67. List the prime factors of (-418)/(-13) + 2/w.
2
Let n be 46/1*1 - 3. Suppose -5*t + n = -2*b, 0 = -3*t - 4*b + 2 + 3. List the prime factors of t.
7
Let y = -265 - -498. List the prime factors of y.
233
Let u be 2/(-3) - 12/9. Let t(q) = -1 + 0 + 0 + q**2. List the prime factors of t(u).
3
Let r(i) = i**3 + 4*i**2 - 2*i + 8. List the prime factors of r(4).
2
Let m be (-3 + 21)*(-3)/(-2). Let y = 62 - m. Suppose -3*i - 3 = -4*i + 3*a, 5*i + 5*a = y. What are the prime factors of i?
2, 3
List the prime factors of (-17)/((-3 + 7)/(-4)).
17
Suppose 2*s - 586 = -2*n, 3*n = 3*s - 545 - 358. List the prime factors of s.
3, 11
Suppose 2*u - 2*t = 4, 2*u + 3 = 4*t + 1. Suppose -u*y + y - 28 = 0. Let d = y - -10. List the prime factors of d.
3
Suppose -2*a + 4*l + 18 = 0, -2*a + 3*l + 30 = 2*l. What are the prime factors of a?
17
Let a(h) = -h + 4. Let w(c) = c - 6. Suppose -8 = 2*s - 2*i, -2*s + 2*i = -4*s - 12. Let g(l) = s*w(l) - 8*a(l). List the prime factors of g(3).
7
Suppose 0 = -5*w - 10 - 40. Let o = 29 + w. What are the prime factors of o?
19
Let l(w) = -w**3 - 5*w**2 - 7*w + 2. Let z be l(-5). Let g = -13 + z. List the prime factors of g.
2, 3
Suppose 0 = -3*o, 6*r - 2*r + 2*o + 32 = 0. Let k(n) = 7*n**2 + 1 + 5*n**3 - 10*n - 7*n**3 + 3*n**3. What are the prime factors of k(r)?
17
Let c be 1 + -1 + (0 - -2). Suppose s = -c*s. What are the prime factors of (-1)/((2 - s)/(-12))?
2, 3
Let s(q) = q**2 + q. Let o be s(-2). Let t = -3 + 2. List the prime factors of 2*(t + o) - -6.
2
Suppose -2205 - 15 = -6*a. List the prime factors of a.
2, 5, 37
List the prime factors of (-6)/(-12) - 201/(-2).
101
Suppose 0 = -0*v + 2*v - 12. What are the prime factors of (-3)/v*-6 - -1?
2
Suppose -3*g - 55 + 463 = 0. List the prime factors of g.
2, 17
Suppose -q + 26 = -12. List the prime factors of q.
2, 19
Suppose 0 = -4*q - 3*t - 5, -3*q = t + 8 + 2. Let u = q - -10. Suppose g + u*w + 29 = 4*g, -36 = -4*g + 4*w. List the prime factors of g.
2
Let d = 73 + -34. What are the prime factors of d?
3, 13
Let v(q) = -q**3 - 2*q**2 - q + 2. Let k be v(-2). Suppose -k*z + 72 = -12. What are the prime factors of z?
3, 7
What are the prime factors of (29 + 3)*(-2 + 0 + 3)?
2
Let x = 2 + 0. Suppose -5*a + 1 = -3*l, -3*a - 1 = -x*l - 0*a. Suppose -l + 3 = t + 4*w, 5*t + 2*w = 47. List the prime factors of t.
11
Let c = -21 + 18. What are the prime factors of (-4 - c)*2 + 47?
3, 5
Let n(q) = -q**3 + q**2 - 3*q - 3. Let o be n(-2). Suppose 3*g + o = 6*g. Suppose 2*v - 2*i = -2*v + 30, -2*v + g*i = 5. What are the prime factors of v?
2, 5
Let l be 1 - 4 - 14/(-2). Let n = 18 - 12. Let f = n + l. What are the prime factors of f?
2, 5
Let o = 12 + 2. Let w = 31 - o. List the prime factors of w.
17
Let s = 6 - 1. Suppose -s*x - v = -50, -5*x + 19 = -v - 21. List the prime factors of x.
3
Let i(c) = 2*c**2 - 3 + 5*c**2 - 5*c - 6*c**2. Let a(r) = 7*r**3 + r - 1. Let d be a(1). What are the prime factors of i(d)?
11
Suppose -4*w = 11 + 5, w = -5*y + 46. Suppose -3*f = -8*f + y. Suppose x - f*l + 3 = 0, 0 = -2*l + 5*l - 12. What are the prime factors of x?
5
Let s be (-415)/(-20) + (-3)/(-12). What are the prime factors of s + -1 + 2 + -4?
2, 3
Suppose -3*w = -4*l + 104 - 34, -l = -2*w - 15. What are the prime factors of l?
19
Let t = -40 - -92. List the prime factors of t.
2, 13
Suppose -3*u + 106 = -2*u. What are the prime factors of u?
2, 53
Suppose 0 = -2*k + f + 6, 2*k + 2*f - 6 = f. Let v(c) = -c**2 + 20. Let u be v(0). Suppose k*m - u = -m. What are the prime factors of m?
5
Suppose -5*y + 1327 = 2*r, -r = 15*y - 14*y - 263. List the prime factors of y.
3, 89
Suppose -3*f = -4*f + 7. Let d = -4 + 6. Suppose 4*r + 1 = 2*n + f, 2*r - 2*n - d = 0. List the prime factors of r.
2
Let o be (36/(-8) + -3)*-2. Let m = 24 + o. List the prime factors of m.
3, 13
Let v(j) = 6*j**3 - j**2 - 5*j - 11. Let m(i) = -i**3 + i - 1. Let b(a) = -5*m(a) - v(a). Let p be b(0). List the prime factors of p - 4 - 1*2.
2, 5
Let q = -44 + 69. Let v = -11 + q. Let u = -4 + v. What are the prime factors of u?
2, 5
Suppose -7*j = -3*j. Suppose j*a = 2*a. What are the prime factors of (a - 1)/((-1)/16)?
2
Let y(t) = -t**3 + 3*t**2 + 6*t - 4. Let z = 5 + -1. Let g be y(z). Suppose -x = -5*r + 41, 3*r - 4*x = 7 + g. What are the prime factors of r?
3
Let k(o) = 2*o**2 + 12*o + 2. Let v be (-1 - 4 - -2) + -5. Let d be k(v). Let y = d + -19. List the prime factors of y.
3, 5
Let b(f) = f**3 - f**2 + 23. What are the prime factors of b(0)?
23
Suppose 5*b = 5*r + 35, -2*r = -0*b + 3*b + 9. Let i(m) = m**3 + m**2 - 3*m - 3. Let k be i(-2). What are the prime factors of (r/(-4)*-6)/k?
3
Let a(b) = 2*b**2 - b + 2. Let w be a(7). Let s = w + -51. What are the prime factors of s?
2, 3, 7
Suppose 0*p - 2*p + 8 = 0. Let a(k) = k**2 - 2*k - 5. Let q be a(p). Suppose -3 = -3*b - q*n + 3, 2*b - 4*n - 4 = 0. List the prime factors of b.
2
Let t(z) be the third derivative of z**4